s) + 0). Let b(i) = -5*i**3 + 2*i + 1. Let k(a) = -a - 1. Let p(h) = b(h) + 2*k(h). Determine p(v).
-6
Let o(q) = -2*q + 3. Let u(x) = 4*x - 7. Let l(f) = -7*o(f) - 3*u(f). Let j be l(-1). Let i(m) = -m**3 - 3*m**2 - 2*m. Calculate i(j).
0
Suppose 29 - 32 = g. Let m(y) = -y**3 - 3*y**2 + y + 1. Calculate m(g).
-2
Let l(z) = 8*z**2 - 1. Suppose 0*r + 3*w = -3*r + 3, 5*w = 5*r - 5. What is l(r)?
7
Let w(r) = 2*r**3 - 5*r**2 + 3*r + 8. Let m(u) = -u + 1. Let a(z) = -z**3 + 3*z**2 - 6*z. Let i(p) = -a(p) + 4*m(p). Let n(x) = 11*i(x) - 6*w(x). What is n(-4)?
-4
Let f(y) be the first derivative of y**4/4 + 5*y**3/3 + 33. Suppose -36 = -5*p + 2*p. Let r = -17 + p. What is f(r)?
0
Let m(t) = t**2 + 2*t - 5. Let u(a) = a**2 + 12*a - 7. Let z be u(-13). Suppose -4*n + 7*n = z. Let w be n + -6 + -1 + 1. Determine m(w).
3
Let u(z) = z**2 + 2*z - 1. Let n(w) = -w**2 + 2*w - 4. Let q be n(5). Let m = -92 + 108. Let v = q + m. Give u(v).
2
Suppose 160 = 2*q - 34*q. Let l(v) = v**2 + v - 5. What is l(q)?
15
Let f(o) be the second derivative of 0 - 5/12*o**4 + 4*o + 1/2*o**2 - 1/3*o**3 - 1/20*o**5. What is f(-4)?
-7
Let i(r) = 2*r + 38. Let q be i(-18). Let x(y) = 6*y**q - 3*y**2 - 13*y**3 - y - 4*y**2 + 0*y**2. Determine x(-1).
13
Let a be 110/180 - 2/18. Let j(b) be the third derivative of -1/120*b**6 + 0 - a*b**3 - 1/20*b**5 - 1/8*b**4 + 0*b + 6*b**2. What is j(-2)?
-1
Let k(v) = -6*v**3 + 4*v**2 - 17*v + 3. Let b(s) = -5*s**3 + 3*s**2 - 15*s + 3. Let n(c) = 7*b(c) - 6*k(c). Determine n(5).
38
Let n(o) = -o**3 - 7*o**2 + 3*o + 4. Let b be (-15)/(1*3/(-10)). Suppose 0 = 4*v + 78 - b. Calculate n(v).
-17
Let d(j) = 3 - j - 1 - 4 - 2*j**2 - j**3. Let r(q) = 2*q**2 + 15*q - 2. Let u be r(-7). Let t be 20/u + 16/72. Give d(t).
0
Let v(y) = -y**2 + 11*y - 7. Let k be v(10). Suppose 5*j = -17 - k. Let p(a) = 4*a - 1 - a - 2*a. What is p(j)?
-5
Let h(s) = 7*s**2 + s - 2. Suppose -32 = 2*v + 14*v. Determine h(v).
24
Let y(n) = n**2 - 3*n**2 + 2*n + n**2 - 4*n**3 - 1 + 3*n**3. What is y(1)?
-1
Let p(j) = -9*j**2 - 1. Suppose 0*x + 2*x = 0. Suppose x = -3*i - 4*q + 52, 3 = -5*q + 8. Let r = i + -15. Calculate p(r).
-10
Suppose h - 29 = -5*c, -10 = -h - 2*c + 4. Suppose -l - h = -6. Let a(n) = l*n - 4*n**2 + 0*n - n - n**3 + 2 - 2*n. Give a(-2).
-4
Suppose 0 = 15*p + p. Let g(b) = -b + 38. Give g(p).
38
Let t(c) = 1. Let i(z) = z**3 + 5*z**2 + z + 5. Let u(o) = -i(o) + 2*t(o). Suppose 2*h = -h + q + 17, 5 = 5*q. Suppose 0 = h*y + 37 - 7. Determine u(y).
2
Let f be (-6)/4*(-32)/6. Let a(j) = j**2 + 17 - 8 - f. Suppose v + 5 = -v - 5*g, 3*v + 4*g = -4. Determine a(v).
1
Let y(q) = q**2 - 12*q - 12. Let p(d) = 2*d - 2. Let l(j) = 6*p(j) + y(j). Calculate l(5).
1
Suppose 2*f + f - 3*u = 66, 24 = f + u. Let l(n) = 6 + 31*n - 6*n**2 - 4*n**3 + 3*n**3 - f*n. What is l(-7)?
-1
Let q(f) be the first derivative of f**6/120 + 2*f**5/15 + f**4/4 - 3*f**3/2 - 27*f**2/2 - 5. Let l(o) be the second derivative of q(o). Give l(-7).
-2
Let w(x) be the first derivative of 11*x**2/2 + 524. Calculate w(1).
11
Let o(y) = 2*y**3 + 10*y**2 + 8*y - 9. Let q be o(-6). Let l = -135 - q. Let r(m) = m + 2. Calculate r(l).
-4
Let y(m) = -2*m + 29. Let s be y(17). Let g(v) = 4*v**2 + v - 1. Let c(i) = 5*i**2 + 2*i - 2. Let w(u) = 5*c(u) - 6*g(u). Give w(s).
1
Let u(y) = -y**3 + 0*y**3 + 8*y**2 + 12 + 0*y**3 + 124*y - 116*y. Determine u(9).
3
Suppose 4*c = 4*a - 36, -c = -0*a - 4*a + 30. Let v(p) = 25*p**2 + 8 - 33*p**2 - a + 2*p. Calculate v(-1).
-9
Let y(i) = -i**2 + 14*i - 15. Suppose -r + 16 = -x, 4*r + 8 = -5*x + 45. Give y(r).
-2
Let l(d) be the third derivative of 7*d**6/720 + d**5/30 - d**4/4 - 28*d**2. Let o(u) be the second derivative of l(u). What is o(3)?
25
Let j(n) = 36*n - 1 - 13*n - 24*n + 6*n**2. What is j(-1)?
6
Let s(q) = 0*q + 3 - 3*q + 2*q. Let r(w) = -3*w**3 - 43*w**2 - 11*w + 47. Let o be r(-14). Calculate s(o).
-2
Let m(a) = a**3 + 2*a + 2. Suppose 4 = -3*j + 13. Suppose f = -j*f - 36. Let g = f - -7. Give m(g).
-10
Suppose 5*j = -3*g + 25, j + 2*g - 9 = 3. Let a(b) = -65 - j*b + 67 + b. Calculate a(5).
-3
Let l(k) = -k**2 + 20*k - 16. Suppose -2*s - 4*o = -o - 53, -o - 52 = -3*s. Let q be l(s). Let u(d) = d**2 - 4*d + 2. Calculate u(q).
-1
Let m(w) = w + 5. Let l be m(-13). Let p = l - -10. Let b be -1*(6/(-2) + p). Let g(i) = 6*i. Give g(b).
6
Let h(r) be the first derivative of -7*r**2/2 - r + 543. Determine h(1).
-8
Let h(b) = -2*b**2 - 33*b - 20. Let r(z) = -z**2 - 17*z - 11. Let m(c) = 6*h(c) - 11*r(c). Determine m(-10).
11
Suppose 3 = -0*i + 3*i. Let t be (-2 + 2)/(0 + -1). Let w(v) = 3*v**3 - v - 80 - 4*v**2 + 81 + t*v**2 + 5*v**2. Calculate w(i).
4
Let v(f) = f**3 + f**2 - f + 3. Let j(o) = -2*o**3 - 2*o**2 + o - 6. Let d(r) = -3*j(r) - 5*v(r). Let n(b) = -b + 2. Let k be n(4). Give d(k).
-5
Let a(t) = -14 - t - 2*t + t + 23. What is a(4)?
1
Let p = 658 + -666. Let d(k) = -k**3 - 7*k**2 + 8*k - 6. What is d(p)?
-6
Let z be (1 - (-7 + 5))*4/3. Let n(i) = 5*i**3 - z*i**3 + 400*i**2 - 7*i - 394*i**2 + 1. Determine n(-7).
1
Let y be 8/2 - 28/4. Let a(z) = -4*z - 3*z + 4 + 6*z - 7*z**2 + 2*z**2 - z**3. What is a(y)?
-11
Let t(b) be the second derivative of -7*b - 1/6*b**4 + 0 - 1/6*b**3 + 0*b**2. What is t(1)?
-3
Let j(x) be the second derivative of x**4/12 + 7*x**3/6 + 3*x**2/2 - 2*x. Suppose -4*a - 7 = z + 17, 2*a + 2*z + 12 = 0. Give j(a).
-3
Let v(y) = 2*y - 2 - y + 0*y. Let k be 5/(-15)*-1*6. Suppose -o + 5*n + 21 = -k*o, 5*n = -25. What is v(o)?
2
Let o(z) = 6*z - 1. Let y be ((-14)/6)/(10/(-30)). Suppose -y + 0 = -7*j. Calculate o(j).
5
Let w = -20 + 23. Let j(a) = 7 - 3 + w*a - 3. Give j(2).
7
Let o(p) = -p + 4. Let y(b) = b - 4. Let s(f) = 4*o(f) + 3*y(f). Let d be (-26)/(-130)*(2 - -28). Calculate s(d).
-2
Let o(h) = -26419 + 2*h - 26425 + 52845 - 11*h**3. Let x = 0 - 1. Determine o(x).
10
Let w(c) = -3*c + 5*c + 0 - 7 - 4*c. Suppose -6*a - 36 = -0*a. Determine w(a).
5
Let g(a) = 18 - 25 + 21 - 8*a - 13. Determine g(4).
-31
Suppose -4*h = 5*w + 7, -2*h = -7*h + 5*w - 65. Let t be (1 - h/(-12))*-3. Let b(c) = -c - 1. Determine b(t).
0
Let g = -38 + 49. Let z = 4 - g. Let k(i) = -i**2 - 7*i - 4. Give k(z).
-4
Let f(d) = -d**2 + 4 + d**2 - 3 - 5*d**2. Let o be (8/2)/20*5. Determine f(o).
-4
Let x(h) = -2*h**2 + 2*h. Suppose -2*t + 34 = 5*v, t + 5 + 6 = v. Suppose -4*b - 8 = -v*b. Give x(b).
-4
Let u(z) = -2*z + 28. Suppose 0 = i - 0*i + f - 11, 2*i - 3*f = 2. Calculate u(i).
14
Let n(r) = -r - 8. Suppose -d + 3 = -1. Suppose -d*c + 4 = -2*c. Suppose -5*s + c*t = -0*s + 20, -15 = 3*t. Determine n(s).
-2
Let k(p) = 3*p**2 + 8 - 20*p + 7*p - 2*p**2 - 2*p**2. Let w be k(-11). Let c be w/50 - (-14)/10. Let u(f) = -f**3 - f**2 + 4*f - 3. What is u(c)?
-7
Let z(i) be the second derivative of i**5/60 + i**3/3 + 7*i. Let h(a) be the second derivative of z(a). What is h(-3)?
-6
Let n(h) = h - 3. Let l be 0/(-5*6/30). Calculate n(l).
-3
Let s(l) = 5 + 5 - l + 0 - 4. Let c be s(4). Suppose -c*o - 20 = 5*n, 0 = -3*n + 4*n + 2. Let u(i) = -i**2 - 8*i - 7. What is u(o)?
8
Let h(v) = -v + 6. Let t be (-2)/(-10) - 78/(-10). Let c be h(t). Let y(o) be the first derivative of -3*o**2/2 - o + 1286. What is y(c)?
5
Let c(i) be the second derivative of i**4/12 - i**3 - 7*i**2 + i + 138. Calculate c(7).
-7
Let v(n) = -n**2 + 3*n + 4. Let l(u) = 2*u - 1. Let i(k) = -4*l(k) - v(k). Determine i(9).
-18
Let a = -57 + 91. Let q(z) = -29 - a + 61 - z - z**2. Calculate q(0).
-2
Let v(b) = 7*b - 1. Let w(n) = -2*n + 11. Let c be w(5). Let a = c - -3. Suppose -3 = -a*j + 1. Determine v(j).
6
Let a(n) = n**2 - n + 11. Let i(h) = 29*h + 377. Let j be i(-13). Calculate a(j).
11
Let q(j) = -10 - 2*j**3 + j**3 + 2*j**3 + j. Let l(m) = 6*m**2 - m - 2. Let w be l(-1). Suppose 0 = w*b + b. Calculate q(b).
-10
Suppose 2*y + i + 60 = 7*y, -4*y - i = -39. Let x(d) = 2*d - 6. Let u(w) = -w + 3. Let z(c) = y*u(c) + 6*x(c). Calculate z(5).
2
Let a(x) = x**2 - 4*x + 7. Suppose -4*m + 4*k + 0*k = -20, -5*k - 7 = m. What is a(m)?
4
Let r(o) be the third derivative of -o**4/24 + 10*o**3/3 + 160*o**2. Determine r(13).
7
Let v(w) = w**2 - 3*w + 0*w**2 - 3 - 3*w - w. Determine v(8).
5
Let f(p) = p**2 - 5*p + 5. Suppose -10*i + 18 = -32. Let k be f(i). Let w(a) = -a**3 + 3*a**2 + 6*a - 2. Give w(k).
-22
Let n = -5